4?
-12
What is the value of -2 + -8 + 1 + (3 - 27) + 22?
-11
(-27 - (-15 + 7)) + 30
11
Evaluate (-9 - 0) + 6 - (1 + 4).
-8
Evaluate 4 - (6 + (-3 - (-10 - (-4 - 7)))).
2
Evaluate -1 + 2 + -4 + -9.
-12
What is -14 + 1 + -1 + 6?
-8
7 + 0 + -4 - (-1 + (-9 - -8))
5
Calculate -5 + (2 - (7 + (-14 - -2))).
2
Calculate 26 + (24 - (18 - -27)).
5
What is (10 - 13) + 8 - (11 - 21)?
15
12 - (-7 + 20 + -2 + -4 - -1)
4
Calculate 21 - (6 + (-2 - 7)) - 13.
11
Evaluate -7 + (-1 + 12 + -21 - 6).
-23
928 - 920 - (1 + 9)
-2
(-11 - 0) + 51 + -101 + 48
-13
What is the value of (17 + -1 - (-7 - -14)) + 4?
13
What is -2 - -2 - 2 - (-320 - -286)?
32
What is the value of (-1 - 0) + 2 + -36 + (-43 - -68)?
-10
12 + -20 + 12 - (15 + 2)
-13
What is the value of (-10 - -14 - (-1 + 8)) + 13 + -2?
8
Calculate 7 - ((-20 - -11) + 6).
10
Evaluate 23 - (24 + -11 + -15 + 3).
22
29 + 12 + 3 + -10 + 0 + 0
34
What is the value of -2 - 8 - (0 - 1) - (1 - 7)?
-3
Calculate 7 + (-3 - (-11 + (26 - 12))).
1
Calculate (10 - (17 - 2)) + 0 + -9.
-14
Calculate (-7 - -1) + (-4 - (-12 + 11 + -4)).
-5
Evaluate 15 + -8 - (-10 + 8 - (-1 + -9)).
-1
(-5 - -5 - -1 - -4) + 1 + -8
-2
Calculate (7 - -9) + 6 + -15.
7
Calculate -2 + (19 - (48 + -14)) + 17.
0
What is (10 + 10 - (-12 + 1)) + -5?
26
Calculate 6 + 0 - (13 - -8 - 25).
10
Calculate 3 + (-19 - (0 - 13)).
-3
What is the value of -18 - (1 - (7 + -1 + 2))?
-11
Calculate 13 + (9 + 1 - 25).
-2
What is the value of -2 - ((0 - 2) + (9 - -1))?
-10
What is -11 + (10 - 14) + (3 - (0 - -3))?
-15
What is the value of 52 + (-7 - 6) + -20?
19
What is the value of -24 - (-23 + (-18 - -15))?
2
What is the value of -4 - (-14 - (-5 - -4))?
9
What is -1 + 2 + -51 + 56 + (0 - 21)?
-15
-30 + 8 - -9 - (-13 - 2)
2
Evaluate -14 - (27 - (-5 + 44)).
-2
Calculate (1 - -7) + 1 + 4 + 21 + -15.
19
(-4 - -8) + (1 - 6) + (-11 - -12)
0
Calculate -26 - ((1 - -4) + (8 + 6 - 14)).
-31
-21 - ((-4 - -2) + (7 - 6))
-20
Evaluate 38 + 17 + -31 + -18.
6
Calculate -53 - -49 - (-10 + -2).
8
Calculate (2 - 15) + 0 + (-10 - -10 - -1).
-12
What is the value of 3 + (3 - 9) - (1 + 6)?
-10
-156 + 150 + 0 + 9 + -8 + -2
-7
Calculate -11 + 1 - (-13 + (14 - 7)).
-4
What is (1 - -1) + (0 - 1) + -6?
-5
Calculate 9 - 21 - (8 + -5 + -4).
-11
What is -24 + (64 - (60 + -31))?
11
Evaluate -6 + 12 - ((3 - 8) + -5) - 4.
12
Evaluate -1 + -4 - (-6 - (-3 - -11 - 8)).
1
-135 - -105 - (0 + -24)
-6
What is 16 + -28 - (-2 - 14)?
4
Calculate -60 + 65 - (23 - 11).
-7
What is the value of -26 + (10 + 3 + -1 - (-23 + 28))?
-19
-26 + 59 + -27 + -28
-22
What is 15 - 1 - (-184 + 196)?
2
Calculate -2 + -1 + -4 + 2 + -7.
-12
7 - (9 + (-7 - 3 - -12)) - -40
36
What is the value of 2 - 38 - 3 - (-133 - -124)?
-30
What is the value of -671 + 664 - (-14 - 2 - (-2 - -1))?
8
Evaluate (9 - 5 - (10 - 0)) + -4 + 5.
-5
(-23 + 13 - -14) + -14
-10
Evaluate 31 + -32 + 40 - 12.
27
What is 0 - 12 - (85 - 101)?
4
Evaluate -33 - (11 + (27 - 63)).
-8
Evaluate 11 + -3 - (-4 - -15).
-3
Evaluate -8 + 16 - (-71 + 66).
13
-3 - (19 + -15 + (5 - (3 - -20)))
11
What is (-12 - -10 - -1) + 10?
9
What is the value of (-66 - -47) + 17 + -2?
-4
Evaluate 3 + 4 - (83 + -81 + 40).
-35
(4 - 31) + 20 - (2 + -7)
-2
Evaluate 2 + (40 + 0 - 3) - (727 - 720).
32
What is -2 - (-4 - (19 - 6 - 28))?
-13
Calculate 16 + -1 - (-1 - -5).
11
Calculate -1189 + 1200 - (0 - -34).
-23
What is the value of -19 - (-1 + -7) - -9?
-2
Calculate -4 - (-8 + 4) - (-3 - -10).
-7
Calculate -10 + 3 + (-3 - 0 - -5) + -5.
-10
What is the value of 7 + (-13 - ((0 - 3) + -1))?
-2
What is the value of 17 - (-6 - (3 - 12))?
14
Evaluate 4 + -5 + 2 + 20 + -5 + -5.
11
Calculate -2 - 16 - (-18 + 8).
-8
Calculate (0 - (18 + -5) - -8) + 8.
3
What is 4 + 4 + 9 + 10 + (0 - 11)?
16
-15 + (-15 + 28 - 0)
-2
What is the value of -58 + 89 - (30 - 11)?
12
Evaluate -2 + 4 + 0 + -17 + 9.
-6
Evaluate -20 - -10 - (-18 - (20 + -6 + -8)).
14
What is the value of -4 - (-4 + -13 + -6 + 4 + -3)?
18
Calculate (-9 - -14) + 9 + (12 - 30).
-4
What is the value of 5 + (-8 - (17 + -3 + -5))?
-12
What is the value of 4 + (-7 - -5) - (-4 + 22 + -11)?
-5
22 - (20 - 5) - 28
-21
What is the value of -11 - (10 - 8 - (-1 - (4 - 6)))?
-12
What is the value of (-4 - 13) + 4 + 11 + -9?
-11
What is -11 + 4 - 1 - -15?
7
What is the value of 0 - (-11 - (5 + 0))?
16
Evaluate -14 + -52 - -63 - (-7 + -1 + -1).
6
Evaluate 0 - (-1 - 2 - (19 + -4 + -41)).
-23
What is -27 + (17 - 1 - 0) - -6?
-5
What is the value of -7 + (20 + -19 - (4 + -14))?
4
What is 8 + 27 + -84 - -32?
-17
-26 - (-2 + 5) - -15
-14
What is (-3 + 6 + -5 - 2 - 2) + -7?
-13
Evaluate -241 + 200 - (-5 - (-6 - -4) - 8).
-30
What is the value of (-1 - (-5 - -2)) + 0 + -6?
-4
What is the value of 2 + -7 + 3 - -6 - (11 - -2)?
-9
-6 - (-9 + 4 + 3)
-4
Evaluate (-3 - 1) + 314 + -307.
3
-33 - (-15 - (5 + -2))
-15
What is (1 - ((4 - 12) + 13)) + 9?
5
What is the value of -39 + 24 + -13 + 14?
-14
What is the value of 10 + -9 + -4 + (8 - 3) + -2?
0
1 + -1 + -2 + 1 + 7 + -20
-14
Evaluate 11 + -30 + 21 + 18.
20
What is 16 + (19 - (11 + 20)) + 12?
16
What is the value of (29 - 20) + -2 + 6 + (0 - 1)?
12
Calculate (0 - 2) + (20 - 4 - 11).
3
What is the value of (-4 - (-25 - -7)) + 20 + -5?
29
What is the value of (-2 - -3) + (35 - 44) + 13?
5
What is 17 + -8 - (-3 - (8 - 12))?
8
Evaluate (81 + -68 - (13 - 2)) + 15.
17
Calculate (-6 - 0 - 0) + -4 + 3.
-7
What is the value of (-6 - -4) + 8 + -3 - -12?
15
What is -49 + 0 + (101 - 58)?
-6
10 + -12 + -4 - (-8 + 1)
1
5 + -22 + (-6 - (2 + 6 + -11))
-20
(-12 - (9 + -7)) + 12 + -11
-13
Evaluate -3 - ((6 - 0) + (5 - -13)) - 3.
-30
Calculate (13 + -1 - -2) + -12.
2
51 + (-34 - (11 - 16 - 13))
35
What is (-19 - -19) + (8 - 1)?
7
Evaluate -12 - (14 + -11) - (-4 - -2).
-13
-2 - (5 - (-3 - -2 - -1))
-7
What is (-420 - -416) + (0 - 0 - 3)?
-7
What is the value of 8 + -7 + (3 - 11)?
-7
What is the value of (0 - 1 - -15) + 4 + -8 + -5?
5
What is 14 + -14 + -44 + (-8 - (-3 + -12))?
-37
Evaluate -2 + 2 + 4 - -6.
10
((-1 - 5) + (-63 - -79) - 0) + 10
20
Evaluate -9 + -3 + (5 - (0 + 2 - 3)).
-6
(24 - 38) + 3 - ((-2 - -1) + 1)
-11
What is the value of -8 + 52 + -46 + 22?
20
6 + 33 + -16 + -33 - 5
-15
What is the value of 22 + -38 - -41 - 7?
18
(-14 - -22) + -5 + 22
25
What is -2 + 7 + 1 + -12 + 13?
7
What is the value of 15 + -16 - (11 + 0)?
-12
88 + -99 - (-3 + 5 + -16)
3
What is 5 - (-4 + 13) - (0 + 5 - 1)?
-8
What is the value of 6 - -1 - (-3 - ((-19 - -25) + 8))?
24
What is the value of (-29 - -5) + 36 - (-1 - -7) - -8?
14
(-4 - 0) + 5 + (-1 - -3) + -12
-9
What is the value of -1826 + 1848 + (5 - 1)?
26
Calculate -4 + (0 - -2) - (-49 - -57).
-10
-5 + -2 + (-10 - -3 - (15 - 3))
-26
What is (3 - 1 - -2 - -5) + -17 + 10?
2
17 - (-19 + 22) - (-3 - -44)
-27
Evaluate 1 - ((3 - 2) + (36 - (28 + -3))).
-11
Calculate -32 - -31 - (-10 + 22 - 37).
24
Calculate -3173 + 3206 + -68 + -1.
-36
Evaluate (-1 - 5) + -44 + -39 + 81.
-8
Calculate -11 + -1 - (-18 + -6) - (-1 - -1).
12
(-5 - (9 + -10 + -3 - -17)) + 5
-13
What is (46 - (92 + -46)) + (1 - -12)?
13
What is -18 + 16 - (0 + (-4 - -12))?
-10
Calculate (4 - (2 + 1) - 0) + -3 - 12.
-14
Evaluate (-3486 - -3479) + (1 - 1) + -15.
-22
What is the value of 253 - 243 - (2 + -1 + 1 + 15)?
-7
Evaluate (31 - (-14 - -12)) + -63.
-30
Evaluate (-13 - -20 - -4) + -16.
-5
24 - (89 + -58) - (-1 - 6)
0
Evaluate -8 + 2 - (11 - (26 - -3) - -22).
-10
What is -3 - (-17 + (6 - (9 + -4)))?
13
Calculate -12 - (-6 + 7) - (-7 - (6 - 9)).
-9
9 - (7 - (-9 + 20 + -5 + 2))
10
What is the value of -14 - (1 + 12) - (1 + -6 - 5)?
-17
What is the value of -1 - (1 + 1 + -27 + 22 - -8)?
-6
Calculate (-21 - (11 + -56)) + -10.
14
Evaluate 17 + -31 - (-11 - (-1 + -1)).
-5
What is the value of 4 + -16 - 1 - 1?
-14
8 + (-1 - 2) - ((26 - 33) + 1)
11
What is 13 - ((11 - 22) + 12 + -6)?
18
Calculate (-23 - -6) + 8 + 7 - -2.
0
What is the value of 8 + (4 + -2 - (4 + 4)) - -8?
10
What is 3 + (2 - 4) - (-5 + 10)?
-4
What is (16 - (31 + 12)) + 19?
-8
What is the value of -16 - (4 + 1 - 25)?
4
What is 9 + -10 - -15 - 27?
-13
What is 9 - (-2 - (0 + 2 + 31 + -33))?
11
What is the value of 5 - (17 + -8 + -6 + -1)?
3
What is 19 + (4 - (-2 - -3) - 11)?
11
What is the value of 16 + -3 + 97 + -108?
2
What is 0 - 0 - ((-18 + 14 - -5) + -4)?
3
Calculate -36 + 105 + -57 + -1 + 